 = -718*d - 25177. What is c(-40)?
3543
Let c(s) = -4055*s + 4006346. Determine c(988).
6
Let p(d) = 13680*d + 109509. What is p(-8)?
69
Let f(g) = 4*g**2 + 245883*g - 1475426. What is f(6)?
16
Let u(q) = 3*q**3 + 43*q**2 + 278*q + 3077. Calculate u(-13).
139
Let w(x) = -x**2 - 178*x + 15777. What is w(65)?
-18
Let u(k) = 1975*k + 309650. Determine u(-157).
-425
Let p(w) = 2*w**3 - 42*w**2 + 970*w - 22310. Give p(22).
-2
Let c(d) = d**2 + 783*d + 59302. Calculate c(-85).
-28
Let w(k) = -k**3 - 358*k**2 - 2461*k - 1270. Determine w(-351).
134
Let d(u) = 573*u + 2602. What is d(-7)?
-1409
Let u(o) = 155*o - 35744. Calculate u(240).
1456
Let r(q) = 1565*q - 48494. Give r(31).
21
Let d(a) = 2*a**2 - 31649*a - 348370. Give d(-11).
11
Let l(b) = -4*b**2 - 72*b - 305. Give l(-27).
-1277
Let b(t) = -216437*t - 10172531. Give b(-47).
8
Let a(f) = -19*f**2 + 1731*f - 1907. Determine a(90).
-17
Let h(c) = -94*c + 5130. Determine h(54).
54
Let c(w) = -680*w**2 + 3558*w - 7114. Calculate c(2).
-2718
Let w(p) = 7269*p - 65428. Give w(9).
-7
Let r(y) = -825*y - 5041. What is r(-6)?
-91
Let k(j) = j**2 + 9644*j + 1302434. What is k(-137)?
-25
Let b(y) = 6949*y + 5739869. What is b(-826)?
-5
Let t(c) = 30*c**2 - 27*c - 17895. Determine t(-24).
33
Let o(c) = 161*c - 25539. Give o(159).
60
Let l(k) = -417*k + 1116. Determine l(1).
699
Let x(u) = 7*u**2 - 2800*u + 225781. Determine x(288).
-11
Let y(k) = -217443*k + 1087222. Give y(5).
7
Let a(p) = 2*p**2 - 16143*p - 1700494. Calculate a(-104).
10
Let q(b) = -14*b**3 + 3*b**2 - b + 3. Give q(-3).
411
Let p(q) = q**2 + 230*q - 32994. What is p(100)?
6
Let h(w) = -w**3 - 54*w**2 - 608*w + 49. Determine h(-18).
-671
Let u(p) = -86558*p + 1298385. Determine u(15).
15
Let o(f) = f**2 + 2682*f - 26933. Calculate o(10).
-13
Let q(g) = 15802*g + 6684247. Give q(-423).
1
Let y(v) = -v**3 + 28*v**2 - 7546*v + 170930. Determine y(23).
17
Let w(x) = -987*x - 167785. What is w(-170)?
5
Let t(w) = 2*w**3 - 612*w**2 + 6486*w + 1199. Give t(295).
19
Let g(k) = 29282*k - 380733. What is g(13)?
-67
Let h(j) = -233163*j - 1398977. Determine h(-6).
1
Let f(k) = -k**3 - 551*k**2 + 5632*k - 257. Calculate f(10).
-37
Let w(m) = m**3 + 131*m**2 - 2345*m + 1000. Calculate w(-147).
-29
Let l(v) = 2341*v + 70191. Give l(-30).
-39
Let c(s) = 20*s**2 + 507*s + 2978. Calculate c(-7).
409
Let s(y) = -y**3 - 106*y**2 - 602*y - 486. Give s(-5).
-1
Let j(u) = 442*u - 11595. Calculate j(26).
-103
Let f(p) = -2*p**3 - 239*p**2 - 117*p + 207. Determine f(-119).
-31
Let r(a) = -a**2 + 66*a - 768. Give r(14).
-40
Let w(c) = -628*c - 694. Give w(6).
-4462
Let p(j) = -j**2 + 79*j - 1849. What is p(26)?
-471
Let k(z) = z**3 - 223*z**2 + 7428*z - 1656461. What is k(223)?
-17
Let a(i) = -326*i - 30548. What is a(-94)?
96
Let t(y) = y**3 + 177*y**2 + 1352*y - 95. Determine t(-169).
-95
Let n(o) = -4720*o + 486157. Calculate n(103).
-3
Let v(r) = 3*r**3 + 10*r**2 + 9*r - 80. What is v(-8)?
-1048
Let u(b) = -37*b**2 - 361*b - 2361. What is u(-7)?
-1647
Let o(q) = -3*q**3 - 70*q**2 - 302*q + 20. Determine o(-17).
-337
Let x(f) = -2*f**3 - 43*f**2 - 46*f - 3970. Determine x(-24).
14
Let k(c) = c**2 - 15*c - 5172. What is k(-70)?
778
Let p(v) = -645*v - 4429. What is p(-7)?
86
Let g(y) = -5491*y - 186516. Determine g(-34).
178
Let c(q) = 96*q**2 + 9070*q - 23475. Calculate c(-97).
-1
Let d(y) = 328*y**2 - 4299*y + 28. Give d(13).
-427
Let a(p) = -4*p**2 + 2806*p + 8414. Calculate a(-3).
-40
Let o(s) = -27*s**2 + 335*s + 2000. Calculate o(17).
-108
Let p(g) = 2*g**2 - 966*g + 26529. Give p(454).
197
Let u(d) = 12*d**2 - 100*d - 14306. Determine u(39).
46
Let c(j) = j**3 - 39*j**2 + 317*j - 559. Determine c(8).
-7
Let f(j) = -j**2 - 48*j + 7085. Calculate f(-113).
-260
Let y(r) = -1715*r**2 - 68605*r - 184. Calculate y(-40).
16
Let o(z) = -39*z**2 + 1150*z + 6908. Calculate o(-6).
-1396
Let p(d) = 77733*d - 2176534. Calculate p(28).
-10
Let h(j) = -265*j**2 - 860*j - 188. Calculate h(-3).
7
Let g(s) = 3*s**3 - 4*s**2 - 76. What is g(0)?
-76
Let o(v) = -5559*v - 33006. What is o(-6)?
348
Let r(i) = 30720*i - 3348487. Give r(109).
-7
Let u(n) = -n**3 - 20*n**2 + 1586*n + 33909. Calculate u(-22).
-15
Let z(q) = q**3 + 84*q**2 + 404*q + 664. What is z(-79)?
-47
Let r(d) = 4*d**2 - 43*d - 1528. What is r(24)?
-256
Let b(r) = -53*r**2 + 51*r + 128. What is b(-6)?
-2086
Let y(l) = -l**3 + 20*l**2 + 13*l + 997. Calculate y(21).
829
Let i(y) = y**3 + 472*y**2 + 2226*y - 511. What is i(-5)?
34
Let z(p) = -10*p**3 - 9*p**2 - 9*p + 1. Calculate z(-5).
1071
Let d(t) = -2*t**3 - 585*t**2 + 188*t - 30783. Determine d(-293).
-18
Let m(n) = -n**2 - 5224*n + 52328. Determine m(10).
-12
Let j(u) = 1280*u - 13083. Give j(10).
-283
Let f(l) = 94*l + 4591. Calculate f(-55).
-579
Let s(j) = -714*j - 31997. Give s(-45).
133
Let d(m) = 2633*m - 52865. What is d(20)?
-205
Let s(u) = 65*u**2 + 379*u + 1021. What is s(-5)?
751
Let f(n) = -88*n + 1580. What is f(16)?
172
Let t(r) = 3*r**2 + 515*r + 8696. Determine t(-19).
-6
Let t(c) = -7316*c + 43963. Determine t(6).
67
Let m(h) = -32*h**2 + 670*h - 1260. What is m(2)?
-48
Let m(d) = -3368*d + 47153. Calculate m(14).
1
Let y(l) = 1455*l - 107707. Calculate y(74).
-37
Let h(t) = t**2 + 79*t + 1278. Calculate h(-64).
318
Let t(v) = -v**2 + 3592*v + 834605. Determine t(-219).
-4
Let z(k) = 23*k**2 - 14092*k + 37874. What is z(610)?
54
Let w(f) = f**3 + 217*f**2 + 5241*f + 7155. Give w(-26).
5
Let l(c) = -2*c**2 - 306*c - 8276. Give l(-34).
-184
Let g(t) = t**3 - 105*t**2 + 2786*t - 1582. Calculate g(52).
-22
Let o(u) = -u**3 - 92*u**2 + 264*u + 6814. What is o(-94)?
-330
Let g(p) = 74*p**2 - 540*p - 23. Give g(7).
-177
Let p(l) = 2*l**2 + 228*l + 3434. What is p(-96)?
-22
Let a(d) = 18896*d - 113446. What is a(6)?
-70
Let n(x) = 236254*x - 472571. Give n(2).
-63
Let f(c) = 49*c**2 + 443*c + 161. Calculate f(-9).
143
Let t(y) = 32*y**2 + 252*y - 2779. Calculate t(-14).
-35
Let t(h) = -h**3 - 21*h**2 + 278*h + 5914. Give t(-25).
1464
Let g(f) = 3*f**2 + 1881*f + 13020. Calculate g(-7).
0
Let y(q) = -296*q + 3017. Give y(10).
57
Let k(f) = -29014*f - 174388. Give k(-6).
-304
Let t(j) = -1393*j**2 + 15355*j - 356. What is t(11)?
-4
Let v(h) = 152738*h + 17717596. Calculate v(-116).
-12
Let s(c) = -c**3 - 14*c**2 - 447*c - 1239. Give s(-3).
3
Let c(z) = 4268*z - 72467. Calculate c(17).
89
Let o(f) = 56*f**2 - 976*f + 551. Give o(17).
143
Let d(t) = -t**2 + 38*t - 77. What is d(34)?
59
Let o(m) = -127*m**2 + 21465*m + 42933. Give o(-2).
-505
Let w(d) = -d**3 - 113*d**2 - 883*d - 113652. What is w(-114)?
6
Let a(z) = -16746*z + 34462. Determine a(2).
970
Let g(o) = -2*o**2 - 6901*o - 565569. What is g(-84)?
3
Let b(t) = 49359*t + 49354. What is b(-1)?
-5
Let w(a) = -2*a**3 - 239*a**2 - 111*a - 7. What is w(-119)?
-959
Let n(b) = -2751*b - 192600. Calculate n(-70).
-30
Let l(t) = t**2 - 179*t + 2697. Calculate l(17).
-57
Let s(r) = r**3 - 42*r**2 - r + 99. Calculate s(42).
57
Let i(y) = -117774*y - 3297610. What is i(-28)?
62
Let z(t) = 4*t**2 + 78418*t + 235251. Determine z(-3).
33
Let g(f) = -3*f**2 - 99*f + 1162. Determine g(11).
-290
Let s(v) = 1266*v + 478556. Determine s(-378).
8
Let c(j) = -836*j**2 + 13377*j - 44. What is c(16)?
-28
Let n(t) = 4*t**2 - 155*t + 429. Give n(30).
-621
Let q(y) = -2*y**3 + 44*y**2 - 115*y - 30. Calculate q(11).
1367
Let u(x) = -7321*x - 710127. Determine u(-97).
10
Let w(p) = p**2 + 84*p + 1247. Give w(-63).
-76
Let v(b) = b**2 + 1788*b + 552226. What is v(-1391)?
-1
Let z(c) = -825*c - 401. Determine z(-1).
424
Let p(u) = -4587*u - 8324. Calculate p(-2).
850
Let w(q) = q**3 + 476*q**2 - 3878*q - 37. Determine w(8).
-85
Let c(g) = g**3 + 11*g**2 + 1361*g + 7986. Determine c(-6).
0
Let g(k) = -169*k**3 - 5*k**2 + 8*k + 24. What is g(-2)?
1340
Let c(p) = 761*p - 41523. Calculate c(56).
1093
Let q(x) = -37*x**3 + 86*x**2 + 24*x. Determine q(3).
-153
Let o(t) = t**3 - 3*t**2 - t - 71. Calculate o(0).
-71
Let u(h) = -22*h**3 - 4072*h**2 - 445*h - 13870. Determine u(-185).
5
Let x(n) = n**3 + 317*n**2 + 328*n + 3787. Calculate x(-316).
-5
Let d(k) = -k**3 - 2316*k**2 - 55009*k - 28. Determine d(-24).
-4
Let q(f) = -373*f + 38778. Determine q(106).
-760
Let a(u) = -u**3 + 4*u**2 + 123*u + 718. What is a(-6)?
340
Let 